ppose 1 = -j, -2 = -2*w - j - 1. What is the remainder when u(-12) is divided by o(w)?
10
Let t be -5*(-18)/15*-1. Suppose -3*l = -2*g - 31, -5*l + 2*g = -2*g - 55. Let z = l + t. What is the remainder when 1 is divided by z?
0
Let o(s) = s**3 - 5*s**2 + s - 2. What is the remainder when 2 + (-406)/(-126) + (-4)/18 is divided by o(5)?
2
Suppose 2*r + 4 = 5*q, 2*q = -3*r - 0*q + 13. Suppose -75 - 3 = -r*b. Calculate the remainder when 40/(-6)*15/(-2) is divided by b.
24
Let y = -257 - -281. Calculate the remainder when 71 is divided by y.
23
Let h = -6 + 7. What is the remainder when 1 - 1/(-2)*6 is divided by h?
0
Calculate the remainder when 61 is divided by (42/12 - -7)*8/2.
19
Let p(i) = -i - i**3 - i - 3 + i**2 + 3*i + 4*i**2. Let s be p(3). Suppose -7*z + s = -4*z. What is the remainder when 22 is divided by z?
4
Let b(x) = x**3 + 3*x**2 + 3*x. Let a be b(-2). Let r = 0 - a. Calculate the remainder when 8 is divided by -4*r/4 + 5.
2
Let a = 81 + -47. What is the remainder when 132 is divided by a?
30
Let w be 0*(-5)/(8 + 2). Suppose 4*f - 219 + 55 = w. What is the remainder when f is divided by 6?
5
Let z be 4/(-18) + (-145)/(-45). Suppose -z = -11*g + 10*g. Calculate the remainder when 9 is divided by g.
0
What is the remainder when ((3/(-2))/((-81)/135918))/3 is divided by 120?
119
What is the remainder when 107*(24/9 - (-4)/(-6)) is divided by 8?
6
Let b be 1*((-4)/(-2) + -3). Suppose 3*g - a + 12 = -g, -a = -g - 3. Let f = b - g. Calculate the remainder when f is divided by 2.
0
Let f(g) = 2*g**2 + 16*g + 4. Let z be (-4*(-15)/(-6))/1. What is the remainder when f(z) is divided by 15?
14
Suppose -5*g = -275 + 215. Calculate the remainder when (-405)/30*(-1 - 1) is divided by g.
3
Suppose -5*z + 3*u + 88 = -87, 59 = 2*z + u. Let r = -2 + 6. Suppose -2*f + 3*f - 29 = -4*a, r*f = -2*a + z. Calculate the remainder when 21 is divided by a.
3
Let q = -7 - -19. Suppose 5*k - q = -3*h + 12, -h + 2*k - 3 = 0. Calculate the remainder when 9 is divided by h.
0
Suppose -3*x = 5*f - 485, 13*x - 5*f = 8*x + 875. What is the remainder when x is divided by 20?
10
Let d(q) be the second derivative of q**4/3 + 5*q**3/3 + 4*q**2 + 6*q. Calculate the remainder when 59 is divided by d(-4).
27
Suppose 6*b + 36 = 2*b. Let m = b + 13. Suppose 0 = 2*s - 12. What is the remainder when s is divided by m?
2
Let y = 18 - 16. Suppose y*x - 3 = x. Suppose -x*n + 5*n = 68. Calculate the remainder when n is divided by 12.
10
Let n = 645 + -254. What is the remainder when n is divided by 14?
13
Suppose 4*z - 75 = i, 0 = 5*i + 2 - 7. Calculate the remainder when 86 is divided by z.
10
Let y(m) = -5*m - 29. Let g be y(-14). Let j = g + -29. What is the remainder when 11/(3*2/12) is divided by j?
10
Let g be ((-20)/(-50) - 422/5) + 3. Suppose -4*q - 285 = -877. Let v = q + g. What is the remainder when v is divided by 14?
11
Let t = -64 + 70. Suppose 3*h - 128 = -4*y, -h + 38 = 2*y - t*h. Calculate the remainder when y is divided by 15.
14
Let k = -151 + 160. Calculate the remainder when 107 is divided by k.
8
Let p(j) = -j**3 - 16*j**2 - 8*j - 65. What is the remainder when 501 is divided by p(-16)?
60
Suppose -4*u - 14 + 102 = 0. Let m(b) = -b**2 + 2*b + 2. Let o be m(3). Calculate the remainder when u is divided by o/((-3)/6) + 4.
4
Suppose -3*m + 199 = 4*x - 1526, 0 = 2*m + 5*x - 1150. What is the remainder when m is divided by 17?
14
What is the remainder when 196 is divided by (11 - 9) + 3 + 6?
9
Suppose 5*g + 50 = -0*k - 3*k, 0 = g + 5*k + 10. What is the remainder when 38 is divided by 1*(-2 - (g + 0)/1)?
6
Let n be ((-6)/(-27))/(6/54). Let l(k) = k**3 - 2*k**2 - 2*k + 4. Let w be l(3). Suppose w = -a + n*a. Calculate the remainder when 23 is divided by a.
2
Suppose 12 = 2*t + p - 3, 0 = 2*p + 10. What is the remainder when ((-71)/142)/(1*(-5)/200) is divided by t?
0
Let p(y) = -y**2 - y + 3. Let j be p(0). Suppose -4*g = -4*x + 240, 4*x - 239 = -0*g + 5*g. Suppose j*q + 10 = x. What is the remainder when q is divided by 6?
5
Suppose 16*x - 13*x + 474 = 0. Suppose 5*j - 4*z + 585 = z, 331 = -3*j - z. Let k = j - x. What is the remainder when k is divided by 12?
10
Calculate the remainder when 31 is divided by (-315)/20*(-12)/9.
10
What is the remainder when 58 is divided by (-5)/(-2) + 1519/62?
4
What is the remainder when 766 is divided by 5/(9*(-2)/(-126))?
31
Let k = -143 + 175. Calculate the remainder when 113 is divided by k.
17
Let v(g) = 96*g + 300. Let b(p) = p - 6. Let r be b(6). Suppose 2*i - 5*i + 63 = r. What is the remainder when i is divided by v(-3)?
9
Suppose 4*z + 9*b - 477 = 4*b, 472 = 4*z + 4*b. Calculate the remainder when z is divided by 67.
46
Suppose -4 = -m - 2. What is the remainder when 28 is divided by (5 + -8)/(m/(-10))?
13
Suppose 22*o = 35*o - 13. Let i = 3 - 0. What is the remainder when i is divided by o?
0
Let w = -15 - -22. Let k(t) = t**3 + 7 + 6*t**3 - 6 - 2*t**3 - t. Calculate the remainder when w is divided by k(1).
2
Suppose -2*o + 5*u + 22 = -584, 5*u = -5*o + 1445. Calculate the remainder when o is divided by 99.
95
Let p(c) = -31*c - 94. Let z = -3 - -4. Suppose 23 - z = 2*l. What is the remainder when p(-4) is divided by l?
8
Let s = 8 - 4. Let a = -191 + 195. Suppose a*t + 49 = m, -5*t + 251 = s*m - 8. Calculate the remainder when m is divided by 32.
29
Suppose -3712 = -5*a + 3*n, 4*n - 2*n + 3713 = 5*a. Suppose 5*k - x - a = 0, 731 = 3*k - 5*x + 272. Calculate the remainder when k is divided by 19.
15
Let b = 311 + -233. Calculate the remainder when b is divided by 40.
38
Calculate the remainder when (5/((-25)/2))/((-1)/320) is divided by 66.
62
Let j(t) = t**2 - 3*t - 6. Calculate the remainder when (-124)/((-20)/5) - -3 is divided by j(6).
10
Suppose -c - 5 = -v - 4, -4*c - 2*v = -14. Let w(i) = i**3 - i - 2. Let l be w(c). Suppose -l*x = -2 - 2. What is the remainder when 1 is divided by x?
0
What is the remainder when (-3)/3*-63 + 1 is divided by 11/(22/36) + 45/(-9)?
12
Let j(s) = s**2 + 3*s - 9. Suppose q = -i - 4, -2*q = 2*q + i + 19. Calculate the remainder when j(-9) is divided by (-3)/5 + (-63)/q.
9
Let k = -819 - -863. Calculate the remainder when 59 is divided by k.
15
Let k = 584 - 491. What is the remainder when 105 is divided by k?
12
Let q(k) = -k**3 - 14*k**2 + 15*k + 2. Suppose -27 - 65 = -2*l. What is the remainder when q(-16) is divided by l?
44
Suppose 0 = 3*u - 27 - 27. Calculate the remainder when 70 is divided by u.
16
Let f = -39 + 37. What is the remainder when 37 is divided by (1*f + 3)/(8/152)?
18
Let a = 135 + -126. Calculate the remainder when 58 is divided by a.
4
Suppose 0 = 5*a - 481 + 181. Let n(g) = g**2 - 6*g - 19. What is the remainder when a is divided by n(10)?
18
Let x be (7/2)/(-3*2/12). Let a(i) = -i**3 - 7*i**2 - 3*i + 8. What is the remainder when a(x) is divided by 17?
12
Suppose -2*v + 5 = -7*v. Let s be 2/(v - (-10)/8). What is the remainder when -2*(108/s)/(-3) is divided by 6?
3
Let d(t) = t**3 + 9*t**2 - 2*t - 10. Let w be d(-7). Suppose 0 = -2*x + w + 30. What is the remainder when x is divided by 23?
20
Suppose 156 = -4*i + 4*p, -7*p + 75 = -2*i - 4*p. Calculate the remainder when 4 is divided by (i/10)/(-1) - (-1)/(-5).
0
Let o = -220 + 243. Calculate the remainder when o is divided by 10.
3
Suppose 0 = 2*t + 5*i - 8, 0 = -i - 0*i. Suppose -a = 2*c - 109, t*c = -3*a + 366 - 41. What is the remainder when a is divided by 27?
26
Suppose 1689 = -7*p - 194. Let g = p - -411. What is the remainder when g is divided by 24?
22
Suppose 2*q - 17 - 11 = 0. Let t = q - 12. Suppose t*c - 8 = -0*c. Calculate the remainder when 5 is divided by c.
1
Let n be 12/(-2) + 3 - -1. Let w be (0 - n - 3)*0. Suppose w = -5*c - o + 50, 31 = 3*c + o + 1. Calculate the remainder when c is divided by 6.
4
Suppose -2*l - 19 = 1. Let q = 19 + l. Calculate the remainder when 35 is divided by q.
8
Let a(j) = -j**2 + 3*j. Let t be a(5). Calculate the remainder when 95 is divided by 45/6*(-32)/t.
23
Suppose -2*x - 11 = o, 5*o + x + 10 = -0. Let h(c) = -23*c. What is the remainder when h(o) is divided by (-12 - 1)*(-1)/1?
10
Let g(n) be the third derivative of n**4/3 - 4*n**3 + 36*n**2. What is the remainder when 109 is divided by g(4)?
5
Let j = -884 + 1035. Calculate the remainder when j is div